Convert 2f (base 16) to base 5.
142
What is 13 (base 6) in base 2?
1001
What is 232 (base 4) in base 6?
114
What is 14 (base 5) in base 11?
9
-220 (base 3) to base 7
-33
Convert -1 (base 11) to base 10.
-1
What is 22201 (base 3) in base 2?
11101011
0 (base 14) to base 7
0
What is -150 (base 7) in base 8?
-124
-11 (base 2) to base 8
-3
What is 0 (base 11) in base 13?
0
-23 (base 7) to base 6
-25
What is 100101000 (base 2) in base 6?
1212
What is 16 (base 14) in base 11?
19
What is 2 (base 13) in base 5?
2
-1000110 (base 2) to base 9
-77
12 (base 10) to base 9
13
Convert -1103 (base 5) to base 4.
-2121
32 (base 9) to base 15
1e
Convert 10021 (base 3) to base 4.
1120
What is -232 (base 8) in base 2?
-10011010
Convert 2 (base 8) to base 16.
2
14 (base 16) to base 11
19
What is -5 (base 14) in base 15?
-5
Convert -b2 (base 13) to base 14.
-a5
-c (base 13) to base 8
-14
What is -11 (base 3) in base 7?
-4
What is 2112 (base 3) in base 5?
233
Convert -7 (base 15) to base 11.
-7
Convert 1a (base 11) to base 13.
18
-a0 (base 15) to base 16
-96
Convert -10 (base 4) to base 15.
-4
Convert 2 (base 7) to base 5.
2
What is 0 (base 9) in base 16?
0
Convert -2 (base 16) to base 2.
-10
What is 1 (base 12) in base 14?
1
Convert 32 (base 6) to base 9.
22
What is -3 (base 9) in base 2?
-11
-36 (base 8) to base 6
-50
2 (base 12) to base 8
2
Convert 2112 (base 3) to base 15.
48
What is 2 (base 7) in base 11?
2
What is -151 (base 9) in base 12?
-a7
What is -7 (base 16) in base 7?
-10
Convert -23 (base 5) to base 6.
-21
8 (base 12) to base 4
20
cb (base 14) to base 10
179
What is -4a (base 16) in base 11?
-68
What is 0 (base 2) in base 4?
0
-11101 (base 2) to base 9
-32
Convert -c3 (base 14) to base 8.
-253
What is -1 (base 13) in base 2?
-1
What is -43 (base 6) in base 4?
-123
-104 (base 5) to base 7
-41
Convert 176 (base 11) to base 8.
314
What is 25 (base 13) in base 2?
11111
What is 1100101 (base 2) in base 12?
85
What is -10 (base 3) in base 9?
-3
109 (base 11) to base 9
154
Convert 4 (base 9) to base 16.
4
Convert 200 (base 4) to base 15.
22
What is -4 (base 8) in base 11?
-4
Convert 0 (base 16) to base 6.
0
What is -c (base 14) in base 16?
-c
Convert 253 (base 6) to base 5.
410
-10001100 (base 2) to base 6
-352
What is -110 (base 5) in base 7?
-42
-99 (base 11) to base 15
-73
What is 12 (base 13) in base 4?
33
335 (base 9) to base 16
113
What is -554 (base 8) in base 7?
-1030
-8 (base 9) to base 4
-20
Convert 47 (base 11) to base 9.
56
Convert -50 (base 7) to base 13.
-29
39 (base 11) to base 9
46
What is 3 (base 13) in base 16?
3
Convert -225 (base 10) to base 8.
-341
Convert -3 (base 7) to base 15.
-3
What is d (base 14) in base 13?
10
What is 2 (base 16) in base 5?
2
Convert -21 (base 6) to base 14.
-d
Convert -1233 (base 4) to base 7.
-216
Convert -2e (base 15) to base 13.
-35
Convert -21 (base 7) to base 5.
-30
-428 (base 10) to base 6
-1552
What is 2 (base 7) in base 12?
2
What is 34 (base 10) in base 11?
31
Convert -10210 (base 3) to base 7.
-204
What is -6 (base 8) in base 12?
-6
23a (base 13) to base 2
110000011
What is 2 (base 5) in base 6?
2
1 (base 3) to base 2
1
Convert 2 (base 14) to base 15.
2
What is a (base 11) in base 12?
a
Convert -2030 (base 4) to base 7.
-260
Convert -c (base 14) to base 5.
-22
Convert 45 (base 9) to base 3.
1112
Convert -1 (base 15) to base 14.
-1
What is 21 (base 8) in base 10?
17
What is 1 (base 9) in base 10?
1
Convert -30 (base 12) to base 8.
-44
Convert -4 (base 5) to base 10.
-4
Convert 0 (base 13) to base 12.
0
2 (base 13) to base 6
2
-2 (base 13) to base 5
-2
Convert -122 (base 3) to base 13.
-14
Convert -22 (base 15) to base 13.
-26
Convert -2 (base 6) to base 16.
-2
-6 (base 14) to base 9
-6
What is -44 (base 8) in base 3?
-1100
Convert -2123 (base 5) to base 6.
-1200
Convert -1 (base 6) to base 7.
-1
What is 111 (base 2) in base 11?
7
Convert -bb (base 14) to base 9.
-203
What is -99 (base 10) in base 16?
-63
-d (base 14) to base 11
-12
Convert 1212 (base 3) to base 8.
62
3 (base 16) to base 9
3
What is 5 (base 8) in base 14?
5
What is -1 (base 16) in base 8?
-1
-4 (base 9) to base 8
-4
What is 16 (base 11) in base 4?
101
-345 (base 7) to base 3
-20200
Convert -130 (base 4) to base 2.
-11100
Convert -2 (base 5) to base 13.
-2
Convert 165 (base 7) to base 16.
60
Convert -17e (base 15) to base 3.
-110202
What is 14 (base 8) in base 2?
1100
Convert 0 (base 16) to base 9.
0
Convert -23 (base 6) to base 11.
-14
44 (base 7) to base 2
100000
Convert 66 (base 11) to base 6.
200
Convert -5 (base 6) to base 2.
-101
Convert 13 (base 5) to base 12.
8
101001 (base 2) to base 15
2b
Convert -2 (base 12) to base 10.
-2
What is 20 (base 9) in base 3?
200
Convert -14 (base 8) to base 7.
-15
10 (base 2) to base 9
2
What is -1 (base 6) in base 13?
-1
What is -16 (base 14) in base 2?
-10100
What is 5 (base 10) in base 13?
5
175 (base 15) to base 11
285
-11100000 (base 2) to base 13
-143
Convert -2 (base 11) to base 12.
-2
Convert -45 (base 7) to base 4.
-201
-50 (base 9) to base 5
-140
100 (base 5) to base 12
21
-196 (base 13) to base 12
-204
What is -220 (base 3) in base 8?
-30
Convert 23 (base 6) to base 9.
16
What is 21 (base 10) in base 2?
10101
What is -30 (base 4) in base 8?
-14
What is -41 (base 12) in base 2?
-110001
What is -240 (base 5) in base 2?
-1000110
Convert 11 (base 6) to base 2.
111
-1 (base 6) to base 10
-1
-20 (base 15) to base 14
-22
-1000 (base 5) to base 11
-104
12 (base 13) to base 5
30
What is 11 (base 12) in base 5?
23
Convert 1 (base 13) to base 5.
1
-5 (base 14) to base 8
-5
What is 0 (base 5) in base 7?
0
What is 1212 (base 3) in base 11?
46
What is -15 (base 9) in base 4?
-32
Convert 2 (base 5) to base 6.
2
Convert -2 (base 3) to base 9.
-2
2 (base 7) to base 6
2
What is 6 (base 16) in base 13?
6
-22 (base 4) to base 3
-101
What is -2 (base 13) in base 14?
-2
Convert 1 (base 10) to base 16.
1
What is -1440 (base 5) in base 11?
-203
Convert 6 (base 15) to base 9.
6
Convert 24 (base 6) to base 2.
10000
What is -1033 (base 4) in base 7?
-142
Convert 9 (base 16) to base 6.
13
Convert -17 (base 10) to base 8.
-21
What is -11 (base 8) in base 11?
-9
27 (base 12) to base 16
1f
What is 201 (base 5) in base 14?
39
Convert -33 (base 5) to base 2.
-10010
Convert -113 (base 8) to base 7.
-135
What is -3 (base 12) in base 7?
-3
Convert -11001 (base 2) to base 8.
-31
What is 2 (base 9) in base 5?
2
What is -3 (base 10) in base 12?
-3
10 (base 3) to base 5
3
0 (base 2) to base 8
0
What is -112 (base 3) in base 6?
-22
Convert 5 (base 7) to base 12.
5
-33 (base 4) to base 3
-120
What is -5 (base 11) in base 2?
-101
1 (base 15) to base 11
1
What is -11 (base 8) in base 13?
-9
What is -1 (base 8) in base 3?
-1
What is -2 (base 15) in base 14?
-2
Convert -6 (base 13) to base 11.
-6
31 (base 7) to base 14
18
-11010000 (base 2) to base 14
-10c
-8 (base 15) to base 4
-20
Convert -1 (base 6) to base 4.
-1
Convert 28 (base 11) to base 16.
1e
What is -14 (base 9) in base 11?
-12
-6 (base 15) to base 6
-10
-1030 (base 6) to base 15
-109
2 (base 13) to base 5
2
Convert 1 (base 6) to base 15.
1
-14 (base 9) to base 3
-111
18 (base 15) to base 16
17
-111 (base 2) to base 7
-10
-1 (base 16) to base 13
-1
Convert -8 (base 13) to base 7.
-11
43 (base 14) to base 8
73
Convert 10 (base 5) to base 10.
5
-100111 (base 2) to base 16
-27
Convert -4 (base 11) to base 5.
-4
15 (base 10) to base 15
10
22 (base 8) to base 12
16
-241 (base 13) to base 10
-391
Convert 32 (base 13) to base 2.
101001
-22022 (base 3) to base 9
-268
What is 11 (base 16) in base 14?
13
What is -3a (base 15) in base 14?
-3d
What is -26 (base 12) in base 14?
-22
What is 9 (base 13) in base 3?
100
What is -2 (base 13) in base 9?
-2
-54 (base 8) to base 5
-134
4 (base 7) to base 3
11
172 (base 8) to base 3
11112
What is -10 (base 3) in base 14?
-3
-1 (base 10) to base 11
-1
Convert -2 (base 6) to base 12.
-2
Convert 20 (base 15) to base 2.
11110
What is -525 (base 7) in base 12?
-1a0
Convert 6 (base 7) to base 3.
20
12 (base 14) to base 5
31
What is -5 (base 11) in base 6?
-5
Convert 10 (base 5) to base 7.
5
Convert 0 (base 9) to base 4.
0
Convert -10 (base 13) to base 4.
-31
Convert -21 (base 7) to base 9.
-16
Convert -2 (base 10) to base 9.
-2
What is 0 (base 5) in 